 - 951. Suppose 0 = -2*z - 39 + l. What is the tens digit of z?
5
Suppose 4*r = j + 60, 5*j + 255 = 2*j - 3*r. Suppose -7*l + 1674 = 526. Let v = l + j. What is the units digit of v?
4
Let y = 11 + -4. Let s(u) = u - 4. Let z be s(y). Suppose z*x - 3*c = -x + 127, 5*c + 25 = 0. What is the units digit of x?
8
Let l(h) be the second derivative of -h**3 + 16*h**2 - 17*h. Let y be l(5). What is the units digit of y/(-3)*459/(-6)?
1
Let h = -548 + 232. Let j = h + 441. What is the units digit of j?
5
Suppose -2*g = 4, -12760 - 3900 = -2*j + g. What is the units digit of j?
9
Let x = 31089 + -7762. What is the tens digit of x?
2
Suppose 0 = 3*n + 5*y + 14, -2*n - 2*n = y - 4. Suppose 5*w - n*q = 2606, 0*q - 1560 = -3*w + 3*q. What is the units digit of w?
2
Let b(h) = -16*h**2 - 5*h + 14. Let c be b(-15). Let m = c + 5316. What is the hundreds digit of m?
8
Let p be ((-534)/10 - -1) + (-38)/(-95). Let n = p + 68. Let z = 28 - n. What is the units digit of z?
2
Let m(u) = u**3 + 10*u**2 - 13*u - 7. Let k be m(-11). Suppose -k*r + 6 = -294. What is the units digit of r?
0
Suppose 0 = 9*t - 2788 - 14672. Suppose 572 = -18*k + t. What is the units digit of k?
6
Suppose 0 = d + 479*k - 484*k - 2279, d - 2243 = -k. What is the tens digit of d?
4
Suppose 26 = h + h + 3*c, 0 = 5*c - 10. Suppose -h*n = -3*n - 42. Let s(m) = 10*m - 4. What is the tens digit of s(n)?
5
Let c(j) = 3*j**2 + 54*j - 3075. What is the hundreds digit of c(104)?
9
Let g(o) = 4*o**2. Let a be g(-1). Let t be (-729)/(-27)*(5 + -2). Suppose a*u - 144 = -3*d, -d - 26 + t = -u. What is the units digit of d?
2
Suppose 3*r = 4*u + 16192, 57*r - 54*r - 3*u - 16197 = 0. What is the hundreds digit of r?
4
Let z(k) = k**3 - 7*k**2 - 11*k - 14. Suppose 23 = 7*g - 40. What is the units digit of z(g)?
9
Let a = -42 - -46. Suppose -4*r - d = -15, -34 = -2*r + 4*d - a. Suppose p = r*p - q - 340, p - 5*q - 85 = 0. What is the units digit of p?
5
Let f(b) = -b**3 + 51*b**2 + 103*b + 144. Let z be f(53). Suppose -4 + 34 = 5*o. What is the units digit of (-232 + -3)*o/z + 0?
4
Let j(t) = 46*t - 18. Suppose 2*g + f + 0 = 7, -2*f = -5*g + 22. Let c be j(g). What is the tens digit of (3/6)/(3 + c/(-56))?
1
Suppose -27*d = 130*d - 49*d - 1934820. What is the hundreds digit of d?
9
Let f(s) be the second derivative of -s**4/4 + 7*s**3 - 22*s. What is the hundreds digit of f(7)?
1
Suppose -11*o = -10*o - 5. Let c(p) = -p**3 - p**2 + 6*p - 8. Let u be c(o). Let d = -49 - u. What is the tens digit of d?
7
Let p(h) = -h**3 - 8*h**2 + 6*h - 1. Let a(c) = c**3 + 7*c**2 - 7*c. Let v(k) = -6*a(k) - 5*p(k). What is the hundreds digit of v(-7)?
1
Let r = 31209 + -17505. What is the tens digit of r?
0
Let q = 15465 + 18565. What is the units digit of q?
0
Let s(x) be the second derivative of x**4/12 - 3*x**3/2 - 6*x**2 - 18*x. Let i be s(-6). Let w = -36 + i. What is the units digit of w?
2
Let i(o) = -o**2 - 5*o - 1. Let k be i(-3). Suppose 0 = k*a - 194 - 1661. What is the units digit of a?
1
Let c = -69 + 135. Let z = -68 + c. What is the hundreds digit of (-2)/4*444/z - -4?
1
Suppose -6*k - 18772 = -5*c - 7*k, 2*c - 7504 = -2*k. What is the hundreds digit of c?
7
Let s(w) = -91*w + 72. Let l(q) = -89*q + 71. Let c(k) = -4*l(k) + 5*s(k). What is the tens digit of c(-4)?
7
Suppose u - 7 + 1 = 2*v, 0 = 3*v + 3. Suppose 0 = u*a - 18 + 2. Suppose 3*q - a*m + 8*m - 647 = 0, -q + 4*m + 237 = 0. What is the hundreds digit of q?
2
Suppose 2*w + 3*k + 7 = 0, 3*w - k = 4*w + 2. Let y be 46 - -3 - 1/w*-3. Suppose -d - 4*d - y = -2*n, 0 = n + d - 12. What is the units digit of n?
6
Let u be (5/2)/((-4)/(288/(-10))). What is the tens digit of ((u/10)/3)/((-1)/(-1510))?
0
Let z(d) = d - 1. Let o be z(-2). Let r be (-5)/(-30)*o - (-9)/2. Suppose 4*k - 308 = -r*a, -5*a + 5*k + 190 + 235 = 0. What is the tens digit of a?
8
Suppose 4*t - 3*b = 5288, 259*b - 260*b = 0. What is the thousands digit of t?
1
Let u(s) = -3*s + 92. Let y be u(36). What is the hundreds digit of (-2)/(-19) - 3170/95*y?
5
Let w(f) = f**2 + f. Let x be w(-2). Let k be 2 - x - (-16)/4. Suppose -3*u + 0*o + 107 = o, 5*u = k*o + 184. What is the tens digit of u?
3
Let o = -1055 + 4390. What is the tens digit of o?
3
Let u = 29 + -29. Let y be (u + 8/(-5) + 0)*5. Let q(v) = v**2 + 5*v - 11. What is the units digit of q(y)?
3
Let n(c) = c**2 + 31*c + 3749. What is the ten thousands digit of n(121)?
2
Suppose -3*r + 30969 = -3*z, 2*r - 3*z - 15005 = 5639. What is the ten thousands digit of r?
1
Let p(t) = -t**3 - 16*t + 9*t - 8 + 10*t + 4*t**2. Let z be p(4). Suppose -z*q = -y - 404, -2*y - 3*y - 303 = -3*q. What is the hundreds digit of q?
1
Let u = 33 - 34. Let s(v) = 8 - 3 - 6 + 65*v**2. What is the tens digit of s(u)?
6
Suppose o + 33119 = 3*c + 12181, c = -2*o + 6977. Let f = c + -4925. What is the hundreds digit of f?
0
Suppose -14 = 5*r - b, 2*r - 6 = r - 2*b. What is the tens digit of r*1/((-4)/746)?
7
Let p be 2740/(-6)*234/195. Let v = p - -878. What is the tens digit of v?
3
Let u(c) = 887*c**2 - 80*c - 104. What is the tens digit of u(-5)?
7
Let m(h) = h**2 + 6*h + 4. Let j be m(-5). Let z be 4*j - (-40 + 36). Suppose w - 152 = 4*c, 5*w + z*c - 828 = 3*c. What is the tens digit of w?
6
Suppose -4*x = -24, 4*h - 6*x = -3*x + 90834. What is the tens digit of h?
1
Suppose 55*k + 39389 = 58*k + v, -26261 = -2*k - v. What is the tens digit of k?
2
Suppose p = 25 + 19. Suppose 19*r - 13 = -355. Let o = r + p. What is the tens digit of o?
2
Let a = 19962 + -10709. What is the thousands digit of a?
9
Let z(l) = 507*l**3 + l**2 - 4*l + 2. Let u = -72 + 73. What is the tens digit of z(u)?
0
Suppose 0 = 4*n + 5*z + 2, 5*z = -4*n + 3*z + 4. Suppose 5*i + 0*i - 19 = 3*r, -n*i - 8 = 0. Let p = r - -59. What is the tens digit of p?
4
Suppose 4*q = l + 237, 0 = -4*q - 3*l + 5*l + 238. Suppose 0*j + q = 4*u - j, -9 = u - 5*j. Let n = u + 65. What is the units digit of n?
1
Let g(y) = y**2 + 2*y + 2. Let i(k) = 3*k**2 + 5*k + 4. Let z(l) = 5*g(l) - 2*i(l). Let o be z(-2). What is the units digit of (o/(-3))/(14/1512)?
2
Let r = 61306 - 28626. What is the units digit of r?
0
Let x = -402 - -426. Suppose 21*y = -x*y + 49635. What is the tens digit of y?
0
Suppose 0*c - q - 4 = -2*c, -2*c = 4*q - 14. Suppose -2*r + 181 = c*t, -3*r = -4*t - 4*r + 243. Let h = -44 + t. What is the units digit of h?
7
Suppose -234*d = -165*d - 182919. What is the thousands digit of d?
2
Let i = -372 + 479. Suppose -u - p - i = -664, -3*p = 4*u - 2226. What is the hundreds digit of u?
5
Let m(u) be the third derivative of 5*u**4/24 + 20*u**2. Let v be m(1). What is the tens digit of -1 - -16 - (v - (-1 + 8))?
1
Let q = -1794 + 555. Let x = 1755 + q. Suppose -840 = -5*b + 4*f + f, -3*b + x = 3*f. What is the tens digit of b?
7
What is the hundreds digit of ((-38)/(-152) + 7733 + -2 + 0)*4?
9
Suppose -5 = -2*h - 5*f - 2, 20 = -4*f. Suppose -h*a + 5304 = 10*a. What is the tens digit of a?
2
Let r(f) = 471*f**3 + 2*f**2 + 118*f - 227. What is the hundreds digit of r(2)?
7
Suppose -3*p + 4 = p. Let h be (3 + (-3 - 0))/(2 - p). Suppose -r = -2*u - 130, h = 3*r + r - u - 548. What is the hundreds digit of r?
1
Let l = 333 + -316. Let q = -2 - -16. Let j = l - q. What is the units digit of j?
3
Let c(w) be the first derivative of -11*w**2/2 + 20*w + 2. Let r(a) = -a**2 + 22*a + 11. Let g be r(23). What is the units digit of c(g)?
2
Let c(u) = -71*u + 4. Let t be c(-6). Let b(k) = -47*k + 12. Let y be b(6). Let z = y + t. What is the units digit of z?
0
Let q = 106687 - 38299. What is the ten thousands digit of q?
6
What is the ten thousands digit of (-2 - -1 - -3)/((-166)/(-1969507))?
2
Let u(x) = -x + 3. Let n be u(-12). Let p be (-555)/n - (0 + 0). Let q = -32 - p. What is the units digit of q?
5
Suppose -5*i = -j - 115902, 4*i = 2*i - 5*j + 46377. What is the hundreds digit of 4/(-50) + i/75?
3
Let w(k) = -224*k - 149. Let d be w(-5). Let a = -366 + d. What is the units digit of a?
5
Let z be 1 + -1 + (-143)/(-13). Suppose -28 = 7*r - z*r. What is the units digit of r?
7
What is the hundreds digit of 556386/42 + (-230)/(-322)?
2
Let i = 14761 + -10071. What is the units digit of i?
0
Let v(b) = b**3 - 5*b**2 + 3*b - 5. Let x be v(5). Suppose -x*i - 1119 = -3119. Suppose 58*j - 63*j = -i. What is